{"id":9483,"date":"2025-08-14T08:38:16","date_gmt":"2025-08-14T07:38:16","guid":{"rendered":"https:\/\/sei.gov.cz\/?page_id=9483"},"modified":"2025-08-15T12:14:54","modified_gmt":"2025-08-15T11:14:54","slug":"prubezne-vzdelavani-energetickych-specialistu","status":"publish","type":"page","link":"https:\/\/sei.gov.cz\/?page_id=9483","title":{"rendered":"Pr\u016fb\u011b\u017en\u00e9 vzd\u011bl\u00e1v\u00e1n\u00ed energetick\u00fdch specialist\u016f"},"content":{"rendered":"\n<p><strong>Pr\u016fb\u011b\u017en\u00e9 vzd\u011bl\u00e1v\u00e1n\u00ed energetick\u00fdch specialist\u016f<\/strong><\/p>\n\n\n\n<p>Odst. 8 \u00a7 10 \u010d. 406\/2000 Sb., o hospoda\u0159en\u00ed energi\u00ed, ve zn\u011bn\u00ed pozd\u011bj\u0161\u00edch p\u0159edpis\u016f (d\u00e1le jen \u201ez\u00e1kon\u201c), upravuje postup napln\u011bn\u00ed povinnosti energetick\u00fdch specialist\u016f absolvovat pr\u016fb\u011b\u017en\u00e9 aktualiza\u010dn\u00ed vzd\u011bl\u00e1v\u00e1n\u00ed podle \u00a7 10a (d\u00e1le jen \u201epr\u016fb\u011b\u017en\u00e9 vzd\u011bl\u00e1v\u00e1n\u00ed\u201c) v&nbsp;t\u0159\u00edlet\u00fdch cyklech. V tomto t\u0159\u00edlet\u00e9m obdob\u00ed by m\u011bl energetick\u00fd specialista z\u00edskat pot\u0159ebn\u00fd po\u010det kredit\u016f \u00fa\u010dast\u00ed na vzd\u011bl\u00e1vac\u00edch akc\u00edch pr\u016fb\u011b\u017en\u00e9ho vzd\u011bl\u00e1v\u00e1n\u00ed za\u0159azen\u00fdch do syst\u00e9mu pr\u016fb\u011b\u017en\u00e9ho vzd\u011bl\u00e1v\u00e1n\u00ed podle vyhl\u00e1\u0161ky \u010d. 4\/2020 Sb., o podm\u00ednk\u00e1ch v\u00fdkonu \u010dinnost\u00ed energetick\u00fdch specialist\u016f (d\u00e1le jen \u201evyhl\u00e1\u0161ka\u201c). V\u00fdb\u011brem vzd\u011bl\u00e1vac\u00edch akc\u00ed je v podle \u00a7 10a odst. 5 z\u00e1kona pov\u011b\u0159ena odborn\u00e1 komise, kterou jmenuje St\u00e1tn\u00ed energetick\u00e1 inspekce.<\/p>\n\n\n\n<p>P\u0159\u00edjem \u017e\u00e1dost\u00ed o za\u0159azen\u00ed vzd\u011bl\u00e1vac\u00ed akce do pr\u016fb\u011b\u017en\u00e9ho vzd\u011bl\u00e1v\u00e1n\u00ed prob\u00edh\u00e1 nejm\u00e9n\u011b 2 ro\u010dn\u011b po zve\u0159ejn\u011bn\u00ed v\u00fdzvy SEI. P\u0159ihl\u00e1\u0161en\u00e9 akce jsou pak odbornou komis\u00ed posouzeny a je jim p\u0159id\u011blen po\u010det kredit\u016f, kter\u00e9 \u00fa\u010dast\u00ed na nich energetick\u00fd specialista z\u00edsk\u00e1. Seznam ohodnocen\u00fdch vzd\u011bl\u00e1vac\u00edch akc\u00ed je pak zp\u0159\u00edstupn\u011bn energetick\u00fdm specialist\u016fm, aby se mohli na akce registrovat. Po \u00fa\u010dasti na akci je jim p\u0159ips\u00e1n po\u010det kredit\u016f p\u0159edm\u011btn\u00e9 akce. V\u00edce podrobnost\u00ed je uvedeno ve vyhl\u00e1\u0161ce.<\/p>\n\n\n\n<h2 class=\"wp-block-heading\">Aktuality<\/h2>\n\n\n\n<div class=\"wp-block-query is-layout-flow wp-block-query-is-layout-flow\"><ul class=\"wp-block-post-template is-layout-flow wp-block-post-template-is-layout-flow\"><li class=\"wp-block-post post-9769 post type-post status-publish format-standard has-post-thumbnail hentry category-aktuality category-prubezne-vzdelavani-es category-uredni_deska tag-uvodni-stranka latest_post\">\n\n<div class=\"wp-block-columns alignwide is-layout-flex wp-container-core-columns-is-layout-9d6595d7 wp-block-columns-is-layout-flex\">\n<div class=\"wp-block-column is-layout-flow wp-block-column-is-layout-flow\" style=\"flex-basis:20%\"><figure class=\"wp-block-post-featured-image\"><a href=\"https:\/\/sei.gov.cz\/?p=9769\" target=\"_self\"  ><img loading=\"lazy\" decoding=\"async\" width=\"117\" height=\"114\" src=\"https:\/\/sei.gov.cz\/wp-content\/uploads\/Petition-1.svg\" class=\"attachment-post-thumbnail size-post-thumbnail wp-post-image\" alt=\"Ozn\u00e1men\u00ed o zah\u00e1jen\u00ed p\u0159\u00edjmu 13. kola \u017e\u00e1dost\u00ed o za\u0159azen\u00ed vzd\u011bl\u00e1vac\u00ed akce do\u00a0pr\u016fb\u011b\u017en\u00e9ho vzd\u011bl\u00e1v\u00e1n\u00ed podle \u00a7 10a z\u00e1kona \u010d. 406\/2000 Sb., o hospoda\u0159en\u00ed energi\u00ed, ve zn\u011bn\u00ed pozd\u011bj\u0161\u00edch p\u0159edpis\u016f\" style=\"object-fit:cover;\" \/><\/a><\/figure><\/div>\n\n\n\n<div class=\"wp-block-column is-layout-flow wp-block-column-is-layout-flow\" style=\"flex-basis:80%\"><h2 class=\"wp-block-post-title\"><a href=\"https:\/\/sei.gov.cz\/?p=9769\" target=\"_self\" >Ozn\u00e1men\u00ed o zah\u00e1jen\u00ed p\u0159\u00edjmu 13. kola \u017e\u00e1dost\u00ed o za\u0159azen\u00ed vzd\u011bl\u00e1vac\u00ed akce do\u00a0pr\u016fb\u011b\u017en\u00e9ho vzd\u011bl\u00e1v\u00e1n\u00ed podle \u00a7 10a z\u00e1kona \u010d. 406\/2000 Sb., o hospoda\u0159en\u00ed energi\u00ed, ve zn\u011bn\u00ed pozd\u011bj\u0161\u00edch p\u0159edpis\u016f<\/a><\/h2>\n\n<div class=\"wp-block-post-date\"><time datetime=\"2025-10-02T08:13:28+01:00\">2. \u0159\u00edjna 2025<\/time><\/div>\n\n<div class=\"wp-block-post-excerpt\"><p class=\"wp-block-post-excerpt__excerpt\">\u010c. j.: SEI-16033\/2025\/90.211 V\u00a0Praze dne 29. z\u00e1\u0159\u00ed 2025 V\u011bc: Ozn\u00e1men\u00ed o zah\u00e1jen\u00ed p\u0159\u00edjmu 13. kola \u017e\u00e1dost\u00ed o za\u0159azen\u00ed vzd\u011bl\u00e1vac\u00ed akce do&nbsp;pr\u016fb\u011b\u017en\u00e9ho vzd\u011bl\u00e1v\u00e1n\u00ed podle \u00a7 10a z\u00e1kona \u010d. 406\/2000 Sb., o hospoda\u0159en\u00ed energi\u00ed, ve zn\u011bn\u00ed pozd\u011bj\u0161\u00edch p\u0159edpis\u016f St\u00e1tn\u00ed energetick\u00e1 inspekce dle ustanoven\u00ed \u00a7 10a z\u00e1kona \u010d. 406\/2000 Sb., o hospoda\u0159en\u00ed energi\u00ed, ve zn\u011bn\u00ed pozd\u011bj\u0161\u00edch p\u0159edpis\u016f a&hellip; <\/p><\/div><\/div>\n<\/div>\n\n<\/li><li class=\"wp-block-post post-9129 post type-post status-publish format-standard has-post-thumbnail hentry category-archiv-uredni_deska category-prubezne-vzdelavani-es tag-uvodni-stranka latest_post\">\n\n<div class=\"wp-block-columns alignwide is-layout-flex wp-container-core-columns-is-layout-9d6595d7 wp-block-columns-is-layout-flex\">\n<div class=\"wp-block-column is-layout-flow wp-block-column-is-layout-flow\" style=\"flex-basis:20%\"><figure class=\"wp-block-post-featured-image\"><a href=\"https:\/\/sei.gov.cz\/?p=9129\" target=\"_self\"  ><img loading=\"lazy\" decoding=\"async\" width=\"117\" height=\"114\" src=\"https:\/\/sei.gov.cz\/wp-content\/uploads\/Petition-1.svg\" class=\"attachment-post-thumbnail size-post-thumbnail wp-post-image\" alt=\"Ozn\u00e1men\u00ed o zah\u00e1jen\u00ed p\u0159\u00edjmu 12. kola \u017e\u00e1dost\u00ed o za\u0159azen\u00ed vzd\u011bl\u00e1vac\u00ed akce do pr\u016fb\u011b\u017en\u00e9ho vzd\u011bl\u00e1v\u00e1n\u00ed podle \u00a7 10a z\u00e1kona \u010d. 406\/2000 Sb., o hospoda\u0159en\u00ed energi\u00ed, ve zn\u011bn\u00ed pozd\u011bj\u0161\u00edch p\u0159edpis\u016f\" style=\"object-fit:cover;\" \/><\/a><\/figure><\/div>\n\n\n\n<div class=\"wp-block-column is-layout-flow wp-block-column-is-layout-flow\" style=\"flex-basis:80%\"><h2 class=\"wp-block-post-title\"><a href=\"https:\/\/sei.gov.cz\/?p=9129\" target=\"_self\" >Ozn\u00e1men\u00ed o zah\u00e1jen\u00ed p\u0159\u00edjmu 12. kola \u017e\u00e1dost\u00ed o za\u0159azen\u00ed vzd\u011bl\u00e1vac\u00ed akce do pr\u016fb\u011b\u017en\u00e9ho vzd\u011bl\u00e1v\u00e1n\u00ed podle \u00a7 10a z\u00e1kona \u010d. 406\/2000 Sb., o hospoda\u0159en\u00ed energi\u00ed, ve zn\u011bn\u00ed pozd\u011bj\u0161\u00edch p\u0159edpis\u016f<\/a><\/h2>\n\n<div class=\"wp-block-post-date\"><time datetime=\"2025-03-05T09:23:00+01:00\">5. b\u0159ezna 2025<\/time><\/div>\n\n<div class=\"wp-block-post-excerpt\"><p class=\"wp-block-post-excerpt__excerpt\">St\u00e1tn\u00ed energetick\u00e1 inspekce dle ustanoven\u00ed \u00a7 10a z\u00e1kona \u010d. 406\/2000 Sb., o hospoda\u0159en\u00ed energi\u00ed, ve zn\u011bn\u00ed pozd\u011bj\u0161\u00edch p\u0159edpis\u016f a vyhl\u00e1\u0161ky \u010d. 280\/2023 Sb., o podm\u00ednk\u00e1ch v\u00fdkonu \u010dinnost\u00ed energetick\u00fdch specialist\u016f, oznamuje, \u017ee zahajuje p\u0159\u00edjem \u017e\u00e1dost\u00ed o&nbsp;za\u0159azen\u00ed vzd\u011bl\u00e1vac\u00edch akc\u00ed do&nbsp;pr\u016fb\u011b\u017en\u00e9ho vzd\u011bl\u00e1v\u00e1n\u00ed energetick\u00fdch specialist\u016f. Tematick\u00e9 okruhy t\u00e9to v\u00fdzvy: Zah\u00e1jen\u00ed p\u0159\u00edjmu \u017e\u00e1dost\u00ed:&nbsp;10. 03. 2025 Ukon\u010den\u00ed p\u0159\u00edjmu \u017e\u00e1dost\u00ed:&nbsp;10. 04. 2025&hellip; <\/p><\/div><\/div>\n<\/div>\n\n<\/li><li class=\"wp-block-post post-9059 post type-post status-publish format-standard has-post-thumbnail hentry category-archiv-uredni_deska category-prubezne-vzdelavani-es latest_post\">\n\n<div class=\"wp-block-columns alignwide is-layout-flex wp-container-core-columns-is-layout-9d6595d7 wp-block-columns-is-layout-flex\">\n<div class=\"wp-block-column is-layout-flow wp-block-column-is-layout-flow\" style=\"flex-basis:20%\"><figure class=\"wp-block-post-featured-image\"><a href=\"https:\/\/sei.gov.cz\/?p=9059\" target=\"_self\"  ><img loading=\"lazy\" decoding=\"async\" width=\"117\" height=\"114\" src=\"https:\/\/sei.gov.cz\/wp-content\/uploads\/Petition-1.svg\" class=\"attachment-post-thumbnail size-post-thumbnail wp-post-image\" alt=\"Ozn\u00e1men\u00ed o zah\u00e1jen\u00ed p\u0159\u00edjmu 11. kola \u017e\u00e1dost\u00ed o za\u0159azen\u00ed vzd\u011bl\u00e1vac\u00ed akce do pr\u016fb\u011b\u017en\u00e9ho vzd\u011bl\u00e1v\u00e1n\u00ed podle \u00a7 10a z\u00e1kona \u010d. 406\/2000 Sb., o hospoda\u0159en\u00ed energi\u00ed, ve zn\u011bn\u00ed pozd\u011bj\u0161\u00edch p\u0159edpis\u016f\" style=\"object-fit:cover;\" \/><\/a><\/figure><\/div>\n\n\n\n<div class=\"wp-block-column is-layout-flow wp-block-column-is-layout-flow\" style=\"flex-basis:80%\"><h2 class=\"wp-block-post-title\"><a href=\"https:\/\/sei.gov.cz\/?p=9059\" target=\"_self\" >Ozn\u00e1men\u00ed o zah\u00e1jen\u00ed p\u0159\u00edjmu 11. kola \u017e\u00e1dost\u00ed o za\u0159azen\u00ed vzd\u011bl\u00e1vac\u00ed akce do pr\u016fb\u011b\u017en\u00e9ho vzd\u011bl\u00e1v\u00e1n\u00ed podle \u00a7 10a z\u00e1kona \u010d. 406\/2000 Sb., o hospoda\u0159en\u00ed energi\u00ed, ve zn\u011bn\u00ed pozd\u011bj\u0161\u00edch p\u0159edpis\u016f<\/a><\/h2>\n\n<div class=\"wp-block-post-date\"><time datetime=\"2024-10-09T14:11:00+01:00\">9. \u0159\u00edjna 2024<\/time><\/div>\n\n<div class=\"wp-block-post-excerpt\"><p class=\"wp-block-post-excerpt__excerpt\">St\u00e1tn\u00ed energetick\u00e1 inspekce dle ustanoven\u00ed \u00a7 10a z\u00e1kona \u010d. 406\/2000 Sb., o hospoda\u0159en\u00ed energi\u00ed, ve zn\u011bn\u00ed pozd\u011bj\u0161\u00edch p\u0159edpis\u016f a vyhl\u00e1\u0161ky \u010d. 280\/2023 Sb., o podm\u00ednk\u00e1ch v\u00fdkonu \u010dinnost\u00ed energetick\u00fdch specialist\u016f, oznamuje, \u017ee zahajuje p\u0159\u00edjem \u017e\u00e1dost\u00ed o&nbsp;za\u0159azen\u00ed vzd\u011bl\u00e1vac\u00edch akc\u00ed do&nbsp;pr\u016fb\u011b\u017en\u00e9ho vzd\u011bl\u00e1v\u00e1n\u00ed energetick\u00fdch specialist\u016f. Tematick\u00e9 okruhy t\u00e9to v\u00fdzvy: Zah\u00e1jen\u00ed p\u0159\u00edjmu \u017e\u00e1dost\u00ed: 9. 10. 2024 Ukon\u010den\u00ed p\u0159\u00edjmu \u017e\u00e1dost\u00ed: 31.&hellip; <\/p><\/div><\/div>\n<\/div>\n\n<\/li><li class=\"wp-block-post post-9046 post type-post status-publish format-standard has-post-thumbnail hentry category-archiv-uredni_deska category-prubezne-vzdelavani-es latest_post\">\n\n<div class=\"wp-block-columns alignwide is-layout-flex wp-container-core-columns-is-layout-9d6595d7 wp-block-columns-is-layout-flex\">\n<div class=\"wp-block-column is-layout-flow wp-block-column-is-layout-flow\" style=\"flex-basis:20%\"><figure class=\"wp-block-post-featured-image\"><a href=\"https:\/\/sei.gov.cz\/?p=9046\" target=\"_self\"  ><img loading=\"lazy\" decoding=\"async\" width=\"117\" height=\"114\" src=\"https:\/\/sei.gov.cz\/wp-content\/uploads\/Petition-1.svg\" class=\"attachment-post-thumbnail size-post-thumbnail wp-post-image\" alt=\"Zm\u011bna syst\u00e9mu hodnocen\u00ed \u017e\u00e1dost\u00ed o za\u0159azen\u00ed vzd\u011bl\u00e1vac\u00ed akce do pr\u016fb\u011b\u017en\u00e9ho vzd\u011bl\u00e1v\u00e1n\u00ed energetick\u00fdch specialist\u016f\" style=\"object-fit:cover;\" \/><\/a><\/figure><\/div>\n\n\n\n<div class=\"wp-block-column is-layout-flow wp-block-column-is-layout-flow\" style=\"flex-basis:80%\"><h2 class=\"wp-block-post-title\"><a href=\"https:\/\/sei.gov.cz\/?p=9046\" target=\"_self\" >Zm\u011bna syst\u00e9mu hodnocen\u00ed \u017e\u00e1dost\u00ed o za\u0159azen\u00ed vzd\u011bl\u00e1vac\u00ed akce do pr\u016fb\u011b\u017en\u00e9ho vzd\u011bl\u00e1v\u00e1n\u00ed energetick\u00fdch specialist\u016f<\/a><\/h2>\n\n<div class=\"wp-block-post-date\"><time datetime=\"2024-08-06T14:04:00+01:00\">6. srpna 2024<\/time><\/div>\n\n<div class=\"wp-block-post-excerpt\"><p class=\"wp-block-post-excerpt__excerpt\">Od 1. 1. 2024 do\u0161lo novelou z\u00e1kona \u010d. 406\/2000 Sb., o hospoda\u0159en\u00ed energi\u00ed, ve zn\u011bn\u00ed pozd\u011bj\u0161\u00edch p\u0159edpis\u016f (d\u00e1le jen \u201ez\u00e1kon\u201c) ke zm\u011bn\u011b syst\u00e9mu hodnocen\u00ed \u017e\u00e1dost\u00ed o&nbsp;za\u0159azen\u00ed vzd\u011bl\u00e1vac\u00ed akce do syst\u00e9mu pr\u016fb\u011b\u017en\u00e9ho vzd\u011bl\u00e1v\u00e1n\u00ed energetick\u00fdch specialist\u016f. Dle \u00a7 10a z\u00e1kona je nov\u011b vedeno spr\u00e1vn\u00edm \u0159\u00edzen\u00edm o v\u00fdb\u011bru vzd\u011bl\u00e1vac\u00ed akce rozhodov\u00e1no St\u00e1tn\u00ed energetickou inspekc\u00ed na z\u00e1klad\u011b doporu\u010den\u00ed hodnot\u00edc\u00ed&hellip; <\/p><\/div><\/div>\n<\/div>\n\n<\/li><li class=\"wp-block-post post-9027 post type-post status-publish format-standard has-post-thumbnail hentry category-archiv-uredni_deska category-prubezne-vzdelavani-es latest_post\">\n\n<div class=\"wp-block-columns alignwide is-layout-flex wp-container-core-columns-is-layout-9d6595d7 wp-block-columns-is-layout-flex\">\n<div class=\"wp-block-column is-layout-flow wp-block-column-is-layout-flow\" style=\"flex-basis:20%\"><figure class=\"wp-block-post-featured-image\"><a href=\"https:\/\/sei.gov.cz\/?p=9027\" target=\"_self\"  ><img loading=\"lazy\" decoding=\"async\" width=\"117\" height=\"114\" src=\"https:\/\/sei.gov.cz\/wp-content\/uploads\/Petition-1.svg\" class=\"attachment-post-thumbnail size-post-thumbnail wp-post-image\" alt=\"Ozn\u00e1men\u00ed o zah\u00e1jen\u00ed p\u0159\u00edjmu 9. kola \u017e\u00e1dost\u00ed o za\u0159azen\u00ed vzd\u011bl\u00e1vac\u00ed akce do pr\u016fb\u011b\u017en\u00e9ho vzd\u011bl\u00e1v\u00e1n\u00ed podle \u00a7 10a z\u00e1kona \u010d. 406\/2000 Sb., o hospoda\u0159en\u00ed energi\u00ed, ve zn\u011bn\u00ed pozd\u011bj\u0161\u00edch p\u0159edpis\u016f\" style=\"object-fit:cover;\" \/><\/a><\/figure><\/div>\n\n\n\n<div class=\"wp-block-column is-layout-flow wp-block-column-is-layout-flow\" style=\"flex-basis:80%\"><h2 class=\"wp-block-post-title\"><a href=\"https:\/\/sei.gov.cz\/?p=9027\" target=\"_self\" >Ozn\u00e1men\u00ed o zah\u00e1jen\u00ed p\u0159\u00edjmu 9. kola \u017e\u00e1dost\u00ed o za\u0159azen\u00ed vzd\u011bl\u00e1vac\u00ed akce do pr\u016fb\u011b\u017en\u00e9ho vzd\u011bl\u00e1v\u00e1n\u00ed podle \u00a7 10a z\u00e1kona \u010d. 406\/2000 Sb., o hospoda\u0159en\u00ed energi\u00ed, ve zn\u011bn\u00ed pozd\u011bj\u0161\u00edch p\u0159edpis\u016f<\/a><\/h2>\n\n<div class=\"wp-block-post-date\"><time datetime=\"2023-08-30T13:57:00+01:00\">30. srpna 2023<\/time><\/div>\n\n<div class=\"wp-block-post-excerpt\"><p class=\"wp-block-post-excerpt__excerpt\">Vyzva\u00a0 (PDF) <\/p><\/div><\/div>\n<\/div>\n\n<\/li><\/ul><\/div>\n","protected":false},"excerpt":{"rendered":"<p>Pr\u016fb\u011b\u017en\u00e9 vzd\u011bl\u00e1v\u00e1n\u00ed energetick\u00fdch specialist\u016f Odst. 8 \u00a7 10 \u010d. 406\/2000 Sb., o hospoda\u0159en\u00ed energi\u00ed, ve zn\u011bn\u00ed pozd\u011bj\u0161\u00edch p\u0159edpis\u016f (d\u00e1le jen \u201ez\u00e1kon\u201c), upravuje postup napln\u011bn\u00ed povinnosti energetick\u00fdch specialist\u016f absolvovat pr\u016fb\u011b\u017en\u00e9 aktualiza\u010dn\u00ed vzd\u011bl\u00e1v\u00e1n\u00ed podle \u00a7 10a (d\u00e1le jen \u201epr\u016fb\u011b\u017en\u00e9 vzd\u011bl\u00e1v\u00e1n\u00ed\u201c) v&nbsp;t\u0159\u00edlet\u00fdch cyklech. V tomto t\u0159\u00edlet\u00e9m obdob\u00ed by m\u011bl energetick\u00fd specialista z\u00edskat pot\u0159ebn\u00fd po\u010det kredit\u016f \u00fa\u010dast\u00ed na vzd\u011bl\u00e1vac\u00edch &hellip; <\/p>\n","protected":false},"author":21,"featured_media":0,"parent":0,"menu_order":0,"comment_status":"closed","ping_status":"closed","template":"","meta":{"footnotes":""},"class_list":["post-9483","page","type-page","status-publish","hentry","latest_post"],"_links":{"self":[{"href":"https:\/\/sei.gov.cz\/index.php?rest_route=\/wp\/v2\/pages\/9483","targetHints":{"allow":["GET"]}}],"collection":[{"href":"https:\/\/sei.gov.cz\/index.php?rest_route=\/wp\/v2\/pages"}],"about":[{"href":"https:\/\/sei.gov.cz\/index.php?rest_route=\/wp\/v2\/types\/page"}],"author":[{"embeddable":true,"href":"https:\/\/sei.gov.cz\/index.php?rest_route=\/wp\/v2\/users\/21"}],"replies":[{"embeddable":true,"href":"https:\/\/sei.gov.cz\/index.php?rest_route=%2Fwp%2Fv2%2Fcomments&post=9483"}],"version-history":[{"count":5,"href":"https:\/\/sei.gov.cz\/index.php?rest_route=\/wp\/v2\/pages\/9483\/revisions"}],"predecessor-version":[{"id":9590,"href":"https:\/\/sei.gov.cz\/index.php?rest_route=\/wp\/v2\/pages\/9483\/revisions\/9590"}],"wp:attachment":[{"href":"https:\/\/sei.gov.cz\/index.php?rest_route=%2Fwp%2Fv2%2Fmedia&parent=9483"}],"curies":[{"name":"wp","href":"https:\/\/api.w.org\/{rel}","templated":true}]}}