{"id":8698,"date":"2024-12-02T09:02:23","date_gmt":"2024-12-02T08:02:23","guid":{"rendered":"https:\/\/sei.gov.cz\/?page_id=8698"},"modified":"2025-08-28T06:11:19","modified_gmt":"2025-08-28T05:11:19","slug":"uzemni-inspektorat-pro-plzensky-a-karlovarsky-kraj","status":"publish","type":"page","link":"https:\/\/sei.gov.cz\/?page_id=8698","title":{"rendered":"\u00dazemn\u00ed inspektor\u00e1t pro Plze\u0148sk\u00fd a Karlovarsk\u00fd kraj"},"content":{"rendered":"\n<div class=\"wp-block-columns is-layout-flex wp-container-core-columns-is-layout-9d6595d7 wp-block-columns-is-layout-flex\">\n<div class=\"wp-block-column is-layout-flow wp-block-column-is-layout-flow\">\n<figure class=\"wp-block-image size-large\"><img loading=\"lazy\" decoding=\"async\" width=\"899\" height=\"1024\" src=\"https:\/\/sei.gov.cz\/wp-content\/uploads\/Plzen-2-899x1024.png\" alt=\"\" class=\"wp-image-8699\" srcset=\"https:\/\/sei.gov.cz\/wp-content\/uploads\/Plzen-2-899x1024.png 899w, https:\/\/sei.gov.cz\/wp-content\/uploads\/Plzen-2-263x300.png 263w, https:\/\/sei.gov.cz\/wp-content\/uploads\/Plzen-2-53x60.png 53w, https:\/\/sei.gov.cz\/wp-content\/uploads\/Plzen-2.png 1292w\" sizes=\"auto, (max-width: 899px) 100vw, 899px\" \/><\/figure>\n\n\n\n<iframe src=\"https:\/\/www.google.com\/maps\/embed?pb=!1m18!1m12!1m3!1d911.5901426508267!2d13.386568074989684!3d49.74155146860456!2m3!1f0!2f0!3f0!3m2!1i1024!2i768!4f13.1!3m3!1m2!1s0x470af1e0bbd97193%3A0xaec2e2fd2c0fe42c!2zUmVqc2tvdmEgMjE4LzMsIDMyNiAwMCBQbHplxYggMi1TbG92YW55LVbDvWNob2Ruw60gUMWZZWRtxJtzdMOt!5e0!3m2!1sen!2scz!4v1733126264368!5m2!1sen!2scz\" width=\"600\" height=\"450\" style=\"border:0;\" allowfullscreen=\"\" loading=\"lazy\" referrerpolicy=\"no-referrer-when-downgrade\"><\/iframe>\n<\/div>\n\n\n\n<div class=\"wp-block-column is-layout-flow wp-block-column-is-layout-flow\">\n<h3 class=\"wp-block-heading has-text-align-center\">Adresa<\/h3>\n\n\n\n<p class=\"has-text-align-center\">St\u00e1tn\u00ed energetick\u00e1 inspekce<br>\u00dazemn\u00ed inspektor\u00e1t pro Plze\u0148sk\u00fd a Karlovarsk\u00fd kraj<br>Rejskova 3<br>326 00 Plze\u0148<\/p>\n\n\n\n<h3 class=\"wp-block-heading has-text-align-center\">Sekretari\u00e1t<\/h3>\n\n\n\n<p class=\"has-text-align-center\"><strong>\u00da\u0159edn\u00ed hodiny podatelny<\/strong>: Po-P\u00e1 8:30-13:30<\/p>\n\n\n\n<p class=\"has-text-align-center\"><strong>Tel.:<\/strong>\u00a0377 201 221<br><strong>Tel.:<\/strong>\u00a0605 292 834<br><strong>Email:<\/strong>\u00a0<a href=\"mailto:posta@sei.gov.cz\">posta@sei.gov.cz<\/a><br><strong>Datov\u00e1 schr\u00e1nka:<\/strong>\u00a0hq2aev4<\/p>\n\n\n\n<div class=\"wp-block-buttons is-content-justification-center is-layout-flex wp-container-core-buttons-is-layout-16018d1d wp-block-buttons-is-layout-flex\">\n<div class=\"wp-block-button\"><a class=\"wp-block-button__link wp-element-button\" href=\"https:\/\/sei.gov.cz\/?page_id=1127\">podrobnosti pod\u00e1n\u00ed<\/a><\/div>\n<\/div>\n\n\n\n<div style=\"height:20px\" aria-hidden=\"true\" class=\"wp-block-spacer\"><\/div>\n\n\n\n<h3 class=\"wp-block-heading has-text-align-center\">P\u0159\u00edstupnost budov SEI<\/h3>\n\n\n\n<div class=\"wp-block-buttons is-content-justification-center is-layout-flex wp-container-core-buttons-is-layout-16018d1d wp-block-buttons-is-layout-flex\">\n<div class=\"wp-block-button\"><a class=\"wp-block-button__link has-white-color has-text-color has-link-color wp-element-button\" href=\"https:\/\/sei.gov.cz\/wp-content\/uploads\/Zakladni-informace-o-pristupnosti-objektu-Plzen_12_24.pdf\">pro osoby se zdravotn\u00edm posti\u017een\u00edm<\/a><\/div>\n<\/div>\n<\/div>\n<\/div>\n","protected":false},"excerpt":{"rendered":"<p>Adresa St\u00e1tn\u00ed energetick\u00e1 inspekce\u00dazemn\u00ed inspektor\u00e1t pro Plze\u0148sk\u00fd a Karlovarsk\u00fd krajRejskova 3326 00 Plze\u0148 Sekretari\u00e1t \u00da\u0159edn\u00ed hodiny podatelny: Po-P\u00e1 8:30-13:30 Tel.:\u00a0377 201 221Tel.:\u00a0605 292 834Email:\u00a0posta@sei.gov.czDatov\u00e1 schr\u00e1nka:\u00a0hq2aev4 P\u0159\u00edstupnost budov SEI<\/p>\n","protected":false},"author":21,"featured_media":0,"parent":3575,"menu_order":0,"comment_status":"closed","ping_status":"closed","template":"","meta":{"footnotes":""},"class_list":["post-8698","page","type-page","status-publish","hentry","latest_post"],"_links":{"self":[{"href":"https:\/\/sei.gov.cz\/index.php?rest_route=\/wp\/v2\/pages\/8698","targetHints":{"allow":["GET"]}}],"collection":[{"href":"https:\/\/sei.gov.cz\/index.php?rest_route=\/wp\/v2\/pages"}],"about":[{"href":"https:\/\/sei.gov.cz\/index.php?rest_route=\/wp\/v2\/types\/page"}],"author":[{"embeddable":true,"href":"https:\/\/sei.gov.cz\/index.php?rest_route=\/wp\/v2\/users\/21"}],"replies":[{"embeddable":true,"href":"https:\/\/sei.gov.cz\/index.php?rest_route=%2Fwp%2Fv2%2Fcomments&post=8698"}],"version-history":[{"count":8,"href":"https:\/\/sei.gov.cz\/index.php?rest_route=\/wp\/v2\/pages\/8698\/revisions"}],"predecessor-version":[{"id":9666,"href":"https:\/\/sei.gov.cz\/index.php?rest_route=\/wp\/v2\/pages\/8698\/revisions\/9666"}],"up":[{"embeddable":true,"href":"https:\/\/sei.gov.cz\/index.php?rest_route=\/wp\/v2\/pages\/3575"}],"wp:attachment":[{"href":"https:\/\/sei.gov.cz\/index.php?rest_route=%2Fwp%2Fv2%2Fmedia&parent=8698"}],"curies":[{"name":"wp","href":"https:\/\/api.w.org\/{rel}","templated":true}]}}