{"id":369,"date":"2015-08-31T14:56:00","date_gmt":"2015-08-31T12:56:00","guid":{"rendered":"http:\/\/10.1.1.10:8080\/wordpress\/?page_id=369"},"modified":"2015-08-31T14:56:00","modified_gmt":"2015-08-31T12:56:00","slug":"v-cem-vam-muze-sei-pomoci","status":"publish","type":"page","link":"https:\/\/sei.gov.cz\/?page_id=369","title":{"rendered":"V \u010dem V\u00e1m m\u016f\u017ee SEI pomoci?"},"content":{"rendered":"<p>Pravomoci SEI jsou d\u00e1ny \u00a7 93 z\u00e1kona \u010d. 458\/2000 Sb., o podm\u00ednk\u00e1ch podnik\u00e1n\u00ed a o v\u00fdkonu st\u00e1tn\u00ed spr\u00e1vy v energetick\u00fdch odv\u011btv\u00edch a o zm\u011bn\u011b n\u011bkter\u00fdch z\u00e1kon\u016f (energetick\u00fd z\u00e1kon), ve zn\u011bn\u00ed pozd\u011bj\u0161\u00edch p\u0159edpis\u016f. SEI tak kontroluje dodr\u017eov\u00e1n\u00ed:<br \/>\n\u2013 z\u00e1kona \u010d. 406\/2000 Sb., o hospoda\u0159en\u00ed energi\u00ed, ve zn\u011bn\u00ed pozd\u011bj\u0161\u00edch p\u0159edpis\u016f,<br \/>\n\u2013 z\u00e1kona \u010d. 165\/2012 Sb., o podporovan\u00fdch zdroj\u00edch energie a o zm\u011bn\u011b n\u011bkter\u00fdch z\u00e1kon\u016f, ve zn\u011bn\u00ed pozd\u011bj\u0161\u00edch p\u0159edpis\u016f,<br \/>\n\u2013 z\u00e1kona \u010d. 526\/1990 Sb., o cen\u00e1ch, ve zn\u011bn\u00ed pozd\u011bj\u0161\u00edch p\u0159edpis\u016f, v oblasti podpory v\u00fdroby elekt\u0159iny z obnoviteln\u00fdch zdroj\u016f, kombinovan\u00e9 v\u00fdroby elekt\u0159iny a tepla a druhotn\u00fdch zdroj\u016f.<\/p>\n<p>Mezi typick\u00e9 a nej\u010dast\u011bj\u0161\u00ed \u010dinnosti SEI tak pat\u0159\u00ed kontroly pr\u016fkaz\u016f energetick\u00e9 n\u00e1ro\u010dnosti budovy, energetick\u00fdch \u0161t\u00edtk\u016f u elektrospot\u0159ebi\u010d\u016f, energetick\u00fdch specialist\u016f, instalace p\u0159\u00edstroj\u016f reguluj\u00edc\u00edch a registruj\u00edc\u00edch dod\u00e1vku teplen\u00e9 energie nebo kontroly dodr\u017eov\u00e1n\u00ed pravidel pro vyt\u00e1p\u011bn\u00ed (z\u00e1kon \u010d. 406\/2000 Sb.) a kontroly u pob\u00edratel\u016f podpory p\u0159i v\u00fdrob\u011b elekt\u0159iny a tepla z obnoviteln\u00fdch zdroj\u016f energie (fotovoltaick\u00e9 elektr\u00e1rny, vodn\u00ed elektr\u00e1rny, v\u011btrn\u00e9 elektr\u00e1rny atd.), kombinovan\u00e9 v\u00fdroby elekt\u0159iny a tepla a druhotn\u00fdch zdroj\u016f (z\u00e1kon \u010d. 165\/2012 Sb. a z\u00e1kon \u010d. 526\/1990 Sb.).<\/p>\n","protected":false},"excerpt":{"rendered":"<p>Pravomoci SEI jsou d\u00e1ny \u00a7 93 z\u00e1kona \u010d. 458\/2000 Sb., o podm\u00ednk\u00e1ch podnik\u00e1n\u00ed a o v\u00fdkonu st\u00e1tn\u00ed spr\u00e1vy v energetick\u00fdch odv\u011btv\u00edch a o zm\u011bn\u011b n\u011bkter\u00fdch z\u00e1kon\u016f (energetick\u00fd z\u00e1kon), ve zn\u011bn\u00ed pozd\u011bj\u0161\u00edch p\u0159edpis\u016f. SEI tak kontroluje dodr\u017eov\u00e1n\u00ed: \u2013 z\u00e1kona \u010d. 406\/2000 Sb., o hospoda\u0159en\u00ed energi\u00ed, ve zn\u011bn\u00ed pozd\u011bj\u0161\u00edch p\u0159edpis\u016f, \u2013 z\u00e1kona \u010d. 165\/2012 Sb., o podporovan\u00fdch &hellip; <\/p>\n","protected":false},"author":2,"featured_media":0,"parent":77,"menu_order":0,"comment_status":"closed","ping_status":"closed","template":"","meta":{"footnotes":""},"class_list":["post-369","page","type-page","status-publish","hentry","latest_post"],"_links":{"self":[{"href":"https:\/\/sei.gov.cz\/index.php?rest_route=\/wp\/v2\/pages\/369","targetHints":{"allow":["GET"]}}],"collection":[{"href":"https:\/\/sei.gov.cz\/index.php?rest_route=\/wp\/v2\/pages"}],"about":[{"href":"https:\/\/sei.gov.cz\/index.php?rest_route=\/wp\/v2\/types\/page"}],"author":[{"embeddable":true,"href":"https:\/\/sei.gov.cz\/index.php?rest_route=\/wp\/v2\/users\/2"}],"replies":[{"embeddable":true,"href":"https:\/\/sei.gov.cz\/index.php?rest_route=%2Fwp%2Fv2%2Fcomments&post=369"}],"version-history":[{"count":0,"href":"https:\/\/sei.gov.cz\/index.php?rest_route=\/wp\/v2\/pages\/369\/revisions"}],"up":[{"embeddable":true,"href":"https:\/\/sei.gov.cz\/index.php?rest_route=\/wp\/v2\/pages\/77"}],"wp:attachment":[{"href":"https:\/\/sei.gov.cz\/index.php?rest_route=%2Fwp%2Fv2%2Fmedia&parent=369"}],"curies":[{"name":"wp","href":"https:\/\/api.w.org\/{rel}","templated":true}]}}