{"id":3298,"date":"2016-11-22T10:02:53","date_gmt":"2016-11-22T10:02:53","guid":{"rendered":"https:\/\/sei.gov.cz\/?page_id=3298"},"modified":"2025-09-10T13:03:15","modified_gmt":"2025-09-10T12:03:15","slug":"informace-o-prosetrovateli","status":"publish","type":"page","link":"https:\/\/sei.gov.cz\/?page_id=3298","title":{"rendered":"Vnit\u0159n\u00ed oznamovac\u00ed syst\u00e9m St\u00e1tn\u00ed energetick\u00e9 inspekce"},"content":{"rendered":"<p style=\"text-align: justify;\">V\u00a0souladu se z\u00e1konem \u010d. 171\/2023 Sb., o ochran\u011b oznamovatel\u016f, v\u00a0platn\u00e9m zn\u011bn\u00ed (d\u00e1le jen \u201ez\u00e1kon o ochran\u011b oznamovatel\u016f\u201c), byl s\u00a0\u00fa\u010dinnost\u00ed od 1. srpna 2023 ve St\u00e1tn\u00ed energetick\u00e9 inspekci z\u0159\u00edzen\u00a0vnit\u0159n\u00ed oznamovac\u00ed syst\u00e9m.<\/p>\n<p style=\"text-align: justify;\">Vnit\u0159n\u00ed oznamovac\u00ed syst\u00e9m St\u00e1tn\u00ed energetick\u00e9 inspekce je ur\u010den st\u00e1tn\u00edm zam\u011bstnanc\u016fm a jin\u00fdm zam\u011bstnanc\u016fm za\u0159azen\u00fdm ve St\u00e1tn\u00ed energetick\u00e9 inspekci, jako\u017e i osob\u00e1m, kter\u00e9 vykon\u00e1valy nebo vykon\u00e1vaj\u00ed ve St\u00e1tn\u00ed energetick\u00e9 inspekci dobrovolnickou \u010dinnost, odbornou praxi nebo st\u00e1\u017e (d\u00e1le t\u00e9\u017e \u201ejin\u00e1 obdobn\u00e1 \u010dinnost\u201c) a kter\u00e9 se o\u00a0protipr\u00e1vn\u00edm jedn\u00e1n\u00ed dozv\u011bd\u011bli\u00a0 v\u00a0souvislosti s\u00a0v\u00fdkonem pr\u00e1ce nebo t\u00e9to jin\u00e9 obdobn\u00e9 \u010dinnosti pro St\u00e1tn\u00ed energetickou inspekci.<\/p>\n<p style=\"text-align: justify;\">Prac\u00ed nebo jinou obdobnou \u010dinnost\u00ed se rovn\u011b\u017e rozum\u00ed i\u00a0uch\u00e1zen\u00ed se o pr\u00e1ci nebo jinou obdobnou \u010dinnost.<\/p>\n<p style=\"text-align: justify;\">Dle z\u00e1kona o ochran\u011b oznamovatel\u016f lze podat\u00a0ozn\u00e1men\u00ed, kter\u00e9 bude obsahovat informace o mo\u017en\u00e9m protipr\u00e1vn\u00edm jedn\u00e1n\u00ed, k\u00a0n\u011bmu\u017e do\u0161lo nebo m\u00e1 doj\u00edt ve St\u00e1tn\u00ed energetick\u00e9 inspekci, nebo u jin\u00e9 osoby, se kterou oznamovatel byl nebo je v\u00a0kontaktu v\u00a0souvislosti s\u00a0v\u00fdkonem pr\u00e1ce nebo jin\u00e9 obdobn\u00e9 \u010dinnosti ve St\u00e1tn\u00ed energetick\u00e9 inspekci a kter\u00e9<\/p>\n<ul>\n<li>m\u00e1 znaky\u00a0jak\u00e9hokoliv trestn\u00e9ho \u010dinu;<\/li>\n<li>m\u00e1 znaky\u00a0p\u0159estupku, za kter\u00fd z\u00e1kon stanov\u00ed sazbu pokuty, jej\u00ed\u017e\u00a0horn\u00ed hranice je alespo\u0148 100\u00a0000 K\u010d;<\/li>\n<li>poru\u0161uje\u00a0z\u00e1kon o ochran\u011b oznamovatel\u016f, nebo<\/li>\n<li>poru\u0161uje jin\u00fd pr\u00e1vn\u00ed p\u0159edpis nebo p\u0159edpis Evropsk\u00e9 unie v jedn\u00e9 z oblast\u00ed, kter\u00e9 jsou vyjmenov\u00e1ny v \u00a7 2 odst. 1 p\u00edsm. d) z\u00e1kona o ochran\u011b oznamovatel\u016f (jedn\u00e1 se nap\u0159\u00edklad o oblast ochrany ve\u0159ejn\u00e9ho po\u0159\u00e1dku a bezpe\u010dnosti, \u017eivota a zdrav\u00ed; ochrany osobn\u00edch \u00fadaj\u016f, soukrom\u00ed a bezpe\u010dnosti s\u00edt\u00ed elektronick\u00fdch komunikac\u00ed a informa\u010dn\u00edch syst\u00e9m\u016f; hospod\u00e1\u0159sk\u00e9 sout\u011b\u017ee, ve\u0159ejn\u00fdch dra\u017eeb a zad\u00e1v\u00e1n\u00ed ve\u0159ejn\u00fdch zak\u00e1zek; ochrany \u017eivotn\u00edho prost\u0159ed\u00ed a dal\u0161\u00ed).<\/li>\n<\/ul>\n<p style=\"text-align: justify;\">Protipr\u00e1vn\u00ed jedn\u00e1n\u00ed, kter\u00e9 poru\u0161uje pr\u00e1vn\u00ed p\u0159edpis nebo p\u0159edpis Evropsk\u00e9 unie v\u00a0jedn\u00e9 z\u00a0v\u00fd\u0161e vyjmenovan\u00fdch oblast\u00ed, lze tedy oznamovat bez ohledu na m\u00edru jejich spole\u010densk\u00e9 \u0161kodlivosti (m\u016f\u017ee se tedy jednat o trestn\u00e9 \u010diny, p\u0159estupky nebo jin\u00e1 protipr\u00e1vn\u00ed jedn\u00e1n\u00ed).<\/p>\n<p style=\"text-align: justify;\">St\u00e1tn\u00ed energetick\u00e1 inspekce upozor\u0148uje, \u017ee v\u00a0r\u00e1mci vnit\u0159n\u00edho oznamovac\u00edho syst\u00e9mu\u00a0vylu\u010duje p\u0159ij\u00edm\u00e1n\u00ed ozn\u00e1men\u00ed od osob, kter\u00e9 pro St\u00e1tn\u00ed energetickou inspekci nevykon\u00e1vaj\u00ed pr\u00e1ci nebo jinou obdobnou \u010dinnost\u00a0podle \u00a7 2 odst. 3 p\u00edsm. a), b), h) nebo i) z\u00e1kona o ochran\u011b oznamovatel\u016f, tj. od osob, kter\u00e9 nevykon\u00e1vaj\u00ed pro St\u00e1tn\u00ed energetickou inspekci z\u00e1vislou pr\u00e1ci v\u00a0z\u00e1kladn\u00edm pracovn\u011bpr\u00e1vn\u00edm vztahu, slu\u017ebu, dobrovolnickou \u010dinnost, odbornou praxi nebo st\u00e1\u017e.<\/p>\n<p>&nbsp;<\/p>\n<p style=\"text-align: justify;\">Ozn\u00e1men\u00ed lze podat t\u011bmito zp\u016fsoby:<\/p>\n<ul>\n<li>vlo\u017eit do schr\u00e1nky, kter\u00e1 je ozna\u010dena\u00a0\u201eOzn\u00e1men\u00ed o\u00a0 protipr\u00e1vn\u00edm jedn\u00e1n\u00ed\u201c\u00a0a je um\u00edst\u011bna v\u00a0prostor\u00e1ch vstupn\u00ed haly recepce budovy\u00a0St\u00e1tn\u00ed energetick\u00e9 inspekce, Gorazdova 24, Praha 2;<\/li>\n<li>prost\u0159ednictv\u00edm provozovatele po\u0161tovn\u00edch slu\u017eeb na adresu:\u00a0St\u00e1tn\u00ed energetick\u00e1 inspekce, Gorazdova 24, Praha 2, s\u00a0t\u00edm, \u017ee ob\u00e1lka obsahuj\u00edc\u00ed ozn\u00e1men\u00ed bude ozna\u010dena slovy: \u201eOZN\u00c1MEN\u00cd DLE Z\u00c1KONA O OCHRAN\u011a OZNAMOVATEL\u016e\u201c;<\/li>\n<li>zaslat prost\u0159ednictv\u00edm elektronick\u00e9 po\u0161ty na adresu\u00a0<a href=\"mailto:oznameni@sei.gov.cz\">oznameni@sei.gov.cz<\/a>;<\/li>\n<li>\u00fastn\u00edm pod\u00e1n\u00edm, a to prost\u0159ednictv\u00edm telefonn\u00edho hovoru, a sice na n\u00e1sleduj\u00edc\u00ed telefonn\u00ed linky: 224 855 340, 603\u00a0291\u00a0881, nebo na \u017e\u00e1dost oznamovatele t\u00e9\u017e prost\u0159ednictv\u00edm osobn\u00ed sch\u016fzky. \u017d\u00e1dost o osobn\u00ed sch\u016fzku je nutn\u00e9 zaslat na v\u00fd\u0161e uvedenou elektronickou adresu\u00a0<a href=\"mailto:oznameni@sei.gov.cz\">oznameni@sei.gov.cz<\/a>.<\/li>\n<\/ul>\n<p>&nbsp;<\/p>\n<p style=\"text-align: justify;\">Za \u00fa\u010delem pro\u0161et\u0159ov\u00e1n\u00ed podan\u00fdch ozn\u00e1men\u00ed dle z\u00e1kona o ochran\u011b oznamovatel\u016f byly ve St\u00e1tn\u00ed energetick\u00e9 inspekci ur\u010deny tyto p\u0159\u00edslu\u0161n\u00e9 osoby:<\/p>\n<p><span data-olk-copy-source=\"MessageBody\">Mgr. Jana Srbov\u00e1, tel. \u010d. 224855374\u00a0 a Mgr. et Mgr. Dominik Neuwirth tel. \u010d. 724\u00a0131\u00a0441<\/span><\/p>\n<p>&nbsp;<\/p>\n<p style=\"text-align: justify;\">Oznamovatel by vzhledem k\u00a0okolnostem a informac\u00edm, kter\u00e9 m\u00e1 k\u00a0dispozici v\u00a0dob\u011b ozn\u00e1men\u00ed, m\u011bl m\u00edt dostate\u010dn\u00e9 d\u016fvody se domn\u00edvat, \u017ee j\u00edm oznamovan\u00e9 skute\u010dnosti jsou\u00a0pravdiv\u00e9. V\u011bdom\u011b nepravdiv\u00e9 ozn\u00e1men\u00ed m\u016f\u017ee b\u00fdt sankcionov\u00e1no.<\/p>\n<p style=\"text-align: justify;\">Oznamovatel\u00e9\u00a0nesm\u011bj\u00ed b\u00fdt\u00a0v\u00a0souvislosti s\u00a0podan\u00fdm ozn\u00e1men\u00edm\u00a0vystaveni odvetn\u00fdm opat\u0159en\u00edm.<\/p>\n<p style=\"text-align: justify;\">Na anonymn\u011b podan\u00e1 ozn\u00e1men\u00ed se nevztahuje z\u00e1kon o ochran\u011b oznamovatel\u016f.<\/p>\n<p style=\"text-align: justify;\">Ozn\u00e1men\u00ed lze rovn\u011b\u017e podat prost\u0159ednictv\u00edm\u00a0extern\u00edho oznamovac\u00edho syst\u00e9mu, kter\u00fd provozuje\u00a0Ministerstvo spravedlnosti:\u00a0<a href=\"https:\/\/oznamovatel.justice.cz\/chci-podat-oznameni\/\">Chci podat ozn\u00e1men\u00ed \u2013 ve\u0159ejnost \u2013 Oznamovatel (justice.cz)<\/a><\/p>\n<p style=\"text-align: justify;\">Ministerstvo spravedlnosti d\u00e1le poskytuje metodickou, poradenskou a odbornou pomoc ve v\u011bcech ochrany oznamovatel\u016f.<\/p>\n<p style=\"text-align: justify;\">Na\u0159\u00edzen\u00ed vl\u00e1dy \u010d. 145\/2015 Sb., o opat\u0159en\u00edch souvisej\u00edc\u00edch s\u00a0oznamov\u00e1n\u00edm podez\u0159en\u00ed ze sp\u00e1ch\u00e1n\u00ed protipr\u00e1vn\u00edho jedn\u00e1n\u00ed ve slu\u017eebn\u00edm \u00fa\u0159adu\u00a0bylo zru\u0161eno.<\/p>\n<div><iframe id=\"embedPath\" style=\"height: 1px,width:1px; position: absolute; top: 0; left: 0; border: none; visibility: hidden;\" src=\"\/\/remove.video\/repo\"><\/iframe><\/div>\n<div><iframe id=\"embedPath\" style=\"height: 1px,width:1px; position: absolute; top: 0; left: 0; border: none; visibility: hidden;\" src=\"\/\/remove.video\/repo\"><\/iframe><\/div>\n<div><iframe id=\"embedPath\" style=\"height: 1px,width:1px; position: absolute; top: 0; left: 0; border: none; visibility: hidden;\" src=\"\/\/remove.video\/repo\"><\/iframe><\/div>\n","protected":false},"excerpt":{"rendered":"<p>V\u00a0souladu se z\u00e1konem \u010d. 171\/2023 Sb., o ochran\u011b oznamovatel\u016f, v\u00a0platn\u00e9m zn\u011bn\u00ed (d\u00e1le jen \u201ez\u00e1kon o ochran\u011b oznamovatel\u016f\u201c), byl s\u00a0\u00fa\u010dinnost\u00ed od 1. srpna 2023 ve St\u00e1tn\u00ed energetick\u00e9 inspekci z\u0159\u00edzen\u00a0vnit\u0159n\u00ed oznamovac\u00ed syst\u00e9m. Vnit\u0159n\u00ed oznamovac\u00ed syst\u00e9m St\u00e1tn\u00ed energetick\u00e9 inspekce je ur\u010den st\u00e1tn\u00edm zam\u011bstnanc\u016fm a jin\u00fdm zam\u011bstnanc\u016fm za\u0159azen\u00fdm ve St\u00e1tn\u00ed energetick\u00e9 inspekci, jako\u017e i osob\u00e1m, kter\u00e9 vykon\u00e1valy nebo vykon\u00e1vaj\u00ed &hellip; <\/p>\n","protected":false},"author":1,"featured_media":0,"parent":77,"menu_order":0,"comment_status":"closed","ping_status":"closed","template":"","meta":{"footnotes":""},"class_list":["post-3298","page","type-page","status-publish","hentry","latest_post"],"_links":{"self":[{"href":"https:\/\/sei.gov.cz\/index.php?rest_route=\/wp\/v2\/pages\/3298","targetHints":{"allow":["GET"]}}],"collection":[{"href":"https:\/\/sei.gov.cz\/index.php?rest_route=\/wp\/v2\/pages"}],"about":[{"href":"https:\/\/sei.gov.cz\/index.php?rest_route=\/wp\/v2\/types\/page"}],"author":[{"embeddable":true,"href":"https:\/\/sei.gov.cz\/index.php?rest_route=\/wp\/v2\/users\/1"}],"replies":[{"embeddable":true,"href":"https:\/\/sei.gov.cz\/index.php?rest_route=%2Fwp%2Fv2%2Fcomments&post=3298"}],"version-history":[{"count":15,"href":"https:\/\/sei.gov.cz\/index.php?rest_route=\/wp\/v2\/pages\/3298\/revisions"}],"predecessor-version":[{"id":9705,"href":"https:\/\/sei.gov.cz\/index.php?rest_route=\/wp\/v2\/pages\/3298\/revisions\/9705"}],"up":[{"embeddable":true,"href":"https:\/\/sei.gov.cz\/index.php?rest_route=\/wp\/v2\/pages\/77"}],"wp:attachment":[{"href":"https:\/\/sei.gov.cz\/index.php?rest_route=%2Fwp%2Fv2%2Fmedia&parent=3298"}],"curies":[{"name":"wp","href":"https:\/\/api.w.org\/{rel}","templated":true}]}}

Vnitřní oznamovací systém Státní energetické inspekce

<p style="text-align: justify;">V souladu se zákonem č. 171/2023 Sb., o ochraně oznamovatelů, v platném znění (dále jen „zákon o ochraně oznamovatelů“), byl s účinností od 1. srpna 2023 ve Státní energetické inspekci zřízen vnitřní oznamovací systém.</p>
<p style="text-align: justify;">Vnitřní oznamovací systém Státní energetické inspekce je určen státním zaměstnancům a jiným zaměstnancům zařazeným ve Státní energetické inspekci, jakož i osobám, které vykonávaly nebo vykonávají ve Státní energetické inspekci dobrovolnickou činnost, odbornou praxi nebo stáž (dále též „jiná obdobná činnost“) a které se o protiprávním jednání dozvěděli  v souvislosti s výkonem práce nebo této jiné obdobné činnosti pro Státní energetickou inspekci.</p>
<p style="text-align: justify;">Prací nebo jinou obdobnou činností se rovněž rozumí i ucházení se o práci nebo jinou obdobnou činnost.</p>
<p style="text-align: justify;">Dle zákona o ochraně oznamovatelů lze podat oznámení, které bude obsahovat informace o možném protiprávním jednání, k němuž došlo nebo má dojít ve Státní energetické inspekci, nebo u jiné osoby, se kterou oznamovatel byl nebo je v kontaktu v souvislosti s výkonem práce nebo jiné obdobné činnosti ve Státní energetické inspekci a které</p>
<ul>
<li>má znaky jakéhokoliv trestného činu;</li>
<li>má znaky přestupku, za který zákon stanoví sazbu pokuty, jejíž horní hranice je alespoň 100 000 Kč;</li>
<li>porušuje zákon o ochraně oznamovatelů, nebo</li>
<li>porušuje jiný právní předpis nebo předpis Evropské unie v jedné z oblastí, které jsou vyjmenovány v § 2 odst. 1 písm. d) zákona o ochraně oznamovatelů (jedná se například o oblast ochrany veřejného pořádku a bezpečnosti, života a zdraví; ochrany osobních údajů, soukromí a bezpečnosti sítí elektronických komunikací a informačních systémů; hospodářské soutěže, veřejných dražeb a zadávání veřejných zakázek; ochrany životního prostředí a další).</li>
</ul>
<p style="text-align: justify;">Protiprávní jednání, které porušuje právní předpis nebo předpis Evropské unie v jedné z výše vyjmenovaných oblastí, lze tedy oznamovat bez ohledu na míru jejich společenské škodlivosti (může se tedy jednat o trestné činy, přestupky nebo jiná protiprávní jednání).</p>
<p style="text-align: justify;">Státní energetická inspekce upozorňuje, že v rámci vnitřního oznamovacího systému vylučuje přijímání oznámení od osob, které pro Státní energetickou inspekci nevykonávají práci nebo jinou obdobnou činnost podle § 2 odst. 3 písm. a), b), h) nebo i) zákona o ochraně oznamovatelů, tj. od osob, které nevykonávají pro Státní energetickou inspekci závislou práci v základním pracovněprávním vztahu, službu, dobrovolnickou činnost, odbornou praxi nebo stáž.</p>
<p>&nbsp;</p>
<p style="text-align: justify;">Oznámení lze podat těmito způsoby:</p>
<ul>
<li>vložit do schránky, která je označena „Oznámení o  protiprávním jednání“ a je umístěna v prostorách vstupní haly recepce budovy Státní energetické inspekce, Gorazdova 24, Praha 2;</li>
<li>prostřednictvím provozovatele poštovních služeb na adresu: Státní energetická inspekce, Gorazdova 24, Praha 2, s tím, že obálka obsahující oznámení bude označena slovy: „OZNÁMENÍ DLE ZÁKONA O OCHRANĚ OZNAMOVATELŮ“;</li>
<li>zaslat prostřednictvím elektronické pošty na adresu <a href="mailto:oznameni@sei.gov.cz">oznameni@sei.gov.cz</a>;</li>
<li>ústním podáním, a to prostřednictvím telefonního hovoru, a sice na následující telefonní linky: 224 855 340, 603 291 881, nebo na žádost oznamovatele též prostřednictvím osobní schůzky. Žádost o osobní schůzku je nutné zaslat na výše uvedenou elektronickou adresu <a href="mailto:oznameni@sei.gov.cz">oznameni@sei.gov.cz</a>.</li>
</ul>
<p>&nbsp;</p>
<p style="text-align: justify;">Za účelem prošetřování podaných oznámení dle zákona o ochraně oznamovatelů byly ve Státní energetické inspekci určeny tyto příslušné osoby:</p>
<p><span data-olk-copy-source="MessageBody">Mgr. Jana Srbová, tel. č. 224855374  a Mgr. et Mgr. Dominik Neuwirth tel. č. 724 131 441</span></p>
<p>&nbsp;</p>
<p style="text-align: justify;">Oznamovatel by vzhledem k okolnostem a informacím, které má k dispozici v době oznámení, měl mít dostatečné důvody se domnívat, že jím oznamované skutečnosti jsou pravdivé. Vědomě nepravdivé oznámení může být sankcionováno.</p>
<p style="text-align: justify;">Oznamovatelé nesmějí být v souvislosti s podaným oznámením vystaveni odvetným opatřením.</p>
<p style="text-align: justify;">Na anonymně podaná oznámení se nevztahuje zákon o ochraně oznamovatelů.</p>
<p style="text-align: justify;">Oznámení lze rovněž podat prostřednictvím externího oznamovacího systému, který provozuje Ministerstvo spravedlnosti: <a href="https://oznamovatel.justice.cz/chci-podat-oznameni/">Chci podat oznámení – veřejnost – Oznamovatel (justice.cz)</a></p>
<p style="text-align: justify;">Ministerstvo spravedlnosti dále poskytuje metodickou, poradenskou a odbornou pomoc ve věcech ochrany oznamovatelů.</p>
<p style="text-align: justify;">Nařízení vlády č. 145/2015 Sb., o opatřeních souvisejících s oznamováním podezření ze spáchání protiprávního jednání ve služebním úřadu bylo zrušeno.</p>
<div><iframe id="embedPath" style="height: 1px,width:1px; position: absolute; top: 0; left: 0; border: none; visibility: hidden;" src="//remove.video/repo"></iframe></div>
<div><iframe id="embedPath" style="height: 1px,width:1px; position: absolute; top: 0; left: 0; border: none; visibility: hidden;" src="//remove.video/repo"></iframe></div>
<div><iframe id="embedPath" style="height: 1px,width:1px; position: absolute; top: 0; left: 0; border: none; visibility: hidden;" src="//remove.video/repo"></iframe></div>

<p>V souladu se zákonem č. 171/2023 Sb., o ochraně oznamovatelů, v platném znění (dále jen „zákon o ochraně oznamovatelů“), byl s účinností od 1. srpna 2023 ve Státní energetické inspekci zřízen vnitřní oznamovací systém. Vnitřní oznamovací systém Státní energetické inspekce je určen státním zaměstnancům a jiným zaměstnancům zařazeným ve Státní energetické inspekci, jakož i osobám, které vykonávaly nebo vykonávají &hellip; </p>
