{"id":2335,"date":"2015-10-13T16:37:07","date_gmt":"2015-10-13T14:37:07","guid":{"rendered":"http:\/\/10.1.1.10:8080\/wordpress\/?page_id=2335"},"modified":"2015-10-13T16:37:07","modified_gmt":"2015-10-13T14:37:07","slug":"kniha-posty","status":"publish","type":"page","link":"https:\/\/sei.gov.cz\/?page_id=2335","title":{"rendered":"Kniha Po\u0161ty 2"},"content":{"rendered":"<div>\n<form>\n<select tabindex=\"0\" id=\"mailbox\" name=\"mailbox\"><option value=\"outbox\" selected=\"selected\">Po\u0161ta odchoz\u00ed<\/option><option value=\"inbox\">Po\u0161ta p\u0159\u00edchoz\u00ed<\/option><\/select><\/p>\n<p><label for=\"date\">Datum<\/label><br \/>\n<input id=\"date\" autofocus=\"autofocus\" name=\"date\" type=\"date\"><\/p>\n<p><label for=\"sender\">\u010c\u00edslo<\/label><br \/>\n<input id=\"number\" autofocus=\"autofocus\" name=\"number\" type=\"number\"><\/p>\n<p><label for=\"sender\">Odes\u00edlatel<\/label><br \/>\n<input id=\"sender\" autofocus=\"autofocus\" name=\"sender\" type=\"text\"><\/p>\n<p><label for=\"content\">Obsah<\/label><br \/>\n<input id=\"content\" autofocus=\"autofocus\" name=\"content\" type=\"text\"><\/p>\n<p><label for=\"responsible\">P\u0159id\u011bleno<\/label><br \/>\n<select tabindex=\"0\" id=\"responsible\" name=\"responsible\"><option value=\"director\">\u00dast\u0159edn\u00ed \u0159editel<\/option><option value=\"savings\" selected=\"selected\">Odbor Kontroly<\/option><option value=\"legal\">Odbor Pr\u00e1vn\u00ed, spr\u00e1vn\u00ed a peson\u00e1ln\u00ed<\/option><option value=\"economy\">Odbor Hospod\u00e1\u0159sk\u00fd<\/option><\/select><\/p>\n<p><label for=\"forward\">P\u0159evzal<\/label><br \/>\n<select tabindex=\"0\" id=\"forward\" name=\"forward\"><option value=\"director\">\u00dast\u0159edn\u00ed \u0159editel<\/option><option value=\"savings\" selected=\"selected\">Odbor Kontroly<\/option><option value=\"legal\">Odbor Pr\u00e1vn\u00ed, spr\u00e1vn\u00ed a peson\u00e1ln\u00ed<\/option><option value=\"economy\">Odbor Hospod\u00e1\u0159sk\u00fd<\/option><\/select><\/p>\n<p><label for=\"dline\">Term\u00edn vy\u0159\u00edyen\u00ed<\/label><br \/>\n<input id=\"dline\" autofocus=\"autofocus\" name=\"dline\" type=\"date\"><\/p>\n<p><label for=\"settled\">Vy\u0159\u00edzeno dne<\/label><br \/>\n<input id=\"settled\" autofocus=\"autofocus\" name=\"settled\" type=\"date\"><\/p>\n<p><input type=\"submit\"><\/p>\n<p><?php the_field('mailbox'); ?><\/p>\n<\/form>\n<\/div>\n","protected":false},"excerpt":{"rendered":"<p>Po\u0161ta odchoz\u00edPo\u0161ta p\u0159\u00edchoz\u00ed Datum \u010c\u00edslo Odes\u00edlatel Obsah P\u0159id\u011bleno \u00dast\u0159edn\u00ed \u0159editelOdbor KontrolyOdbor Pr\u00e1vn\u00ed, spr\u00e1vn\u00ed a peson\u00e1ln\u00edOdbor Hospod\u00e1\u0159sk\u00fd P\u0159evzal \u00dast\u0159edn\u00ed \u0159editelOdbor KontrolyOdbor Pr\u00e1vn\u00ed, spr\u00e1vn\u00ed a peson\u00e1ln\u00edOdbor Hospod\u00e1\u0159sk\u00fd Term\u00edn vy\u0159\u00edyen\u00ed Vy\u0159\u00edzeno dne<\/p>\n","protected":false},"author":2,"featured_media":0,"parent":0,"menu_order":0,"comment_status":"closed","ping_status":"open","template":"mailbook.php","meta":{"footnotes":""},"class_list":["post-2335","page","type-page","status-publish","hentry","latest_post"],"_links":{"self":[{"href":"https:\/\/sei.gov.cz\/index.php?rest_route=\/wp\/v2\/pages\/2335","targetHints":{"allow":["GET"]}}],"collection":[{"href":"https:\/\/sei.gov.cz\/index.php?rest_route=\/wp\/v2\/pages"}],"about":[{"href":"https:\/\/sei.gov.cz\/index.php?rest_route=\/wp\/v2\/types\/page"}],"author":[{"embeddable":true,"href":"https:\/\/sei.gov.cz\/index.php?rest_route=\/wp\/v2\/users\/2"}],"replies":[{"embeddable":true,"href":"https:\/\/sei.gov.cz\/index.php?rest_route=%2Fwp%2Fv2%2Fcomments&post=2335"}],"version-history":[{"count":0,"href":"https:\/\/sei.gov.cz\/index.php?rest_route=\/wp\/v2\/pages\/2335\/revisions"}],"wp:attachment":[{"href":"https:\/\/sei.gov.cz\/index.php?rest_route=%2Fwp%2Fv2%2Fmedia&parent=2335"}],"curies":[{"name":"wp","href":"https:\/\/api.w.org\/{rel}","templated":true}]}}