{"id":1160,"date":"2015-09-09T10:26:58","date_gmt":"2015-09-09T08:26:58","guid":{"rendered":"http:\/\/10.1.1.10:8080\/wordpress\/?page_id=1160"},"modified":"2015-09-09T10:26:58","modified_gmt":"2015-09-09T08:26:58","slug":"informace-k-povinnostem-pri-prodeji-a-pronajmu","status":"publish","type":"page","link":"https:\/\/sei.gov.cz\/?page_id=1160","title":{"rendered":"Informace k povinnostem"},"content":{"rendered":"<p>Jste-li majitelem bytu, nebo budovy, potom se V\u00e1s pravd\u011bpodobn\u011b t\u00fdk\u00e1 n\u011bkter\u00e1 z n\u00e1sleduj\u00edc\u00edch povinnost\u00ed, jestli\u017ee prov\u00e1d\u00edte:<br \/>\nprodej a pron\u00e1jem<br \/>\nrekonstrukci a nebo v\u00fdstavbu<br \/>\nprovozov\u00e1n\u00ed<\/p>\n<p>Povinnosti  p\u0159i prodeji a pron\u00e1jmu nemovitosti<\/p>\n<p> \tKa\u017ed\u00fd prod\u00e1vaj\u00edc\u00ed, nebo pronaj\u00edmaj\u00edc\u00ed nemovitost, mus\u00ed p\u0159edlo\u017eit z\u00e1jemci o koupi, nebo pron\u00e1jem pr\u016fkaz energetick\u00e9 n\u00e1ro\u010dnosti budovy.<br \/>\n \tRodinn\u00fd d\u016fm<br \/>\n\t2014\t2016\t2018<br \/>\ndo   50 m2<br \/>\ndo 250 m2<br \/>\ndo 500 m2<\/p>\n<p> \tBytov\u00fd d\u016fm<br \/>\n\t2014\t2016\t2018<br \/>\ndo   50 m2<br \/>\ndo 250 m2<br \/>\ndo 500 m2<\/p>\n<p> \tKancel\u00e1\u0159e<br \/>\n\t2014\t2016\t2018<br \/>\ndo   50 m2<br \/>\ndo 250 m2<br \/>\ndo 500 m2<\/p>\n","protected":false},"excerpt":{"rendered":"<p>Jste-li majitelem bytu, nebo budovy, potom se V\u00e1s pravd\u011bpodobn\u011b t\u00fdk\u00e1 n\u011bkter\u00e1 z n\u00e1sleduj\u00edc\u00edch povinnost\u00ed, jestli\u017ee prov\u00e1d\u00edte: prodej a pron\u00e1jem rekonstrukci a nebo v\u00fdstavbu provozov\u00e1n\u00ed Povinnosti p\u0159i prodeji a pron\u00e1jmu nemovitosti Ka\u017ed\u00fd prod\u00e1vaj\u00edc\u00ed, nebo pronaj\u00edmaj\u00edc\u00ed nemovitost, mus\u00ed p\u0159edlo\u017eit z\u00e1jemci o koupi, nebo pron\u00e1jem pr\u016fkaz energetick\u00e9 n\u00e1ro\u010dnosti budovy. Rodinn\u00fd d\u016fm 2014 2016 2018 do 50 m2 do &hellip; <\/p>\n","protected":false},"author":2,"featured_media":0,"parent":1249,"menu_order":0,"comment_status":"closed","ping_status":"closed","template":"","meta":{"footnotes":""},"class_list":["post-1160","page","type-page","status-publish","hentry","latest_post"],"_links":{"self":[{"href":"https:\/\/sei.gov.cz\/index.php?rest_route=\/wp\/v2\/pages\/1160","targetHints":{"allow":["GET"]}}],"collection":[{"href":"https:\/\/sei.gov.cz\/index.php?rest_route=\/wp\/v2\/pages"}],"about":[{"href":"https:\/\/sei.gov.cz\/index.php?rest_route=\/wp\/v2\/types\/page"}],"author":[{"embeddable":true,"href":"https:\/\/sei.gov.cz\/index.php?rest_route=\/wp\/v2\/users\/2"}],"replies":[{"embeddable":true,"href":"https:\/\/sei.gov.cz\/index.php?rest_route=%2Fwp%2Fv2%2Fcomments&post=1160"}],"version-history":[{"count":0,"href":"https:\/\/sei.gov.cz\/index.php?rest_route=\/wp\/v2\/pages\/1160\/revisions"}],"up":[{"embeddable":true,"href":"https:\/\/sei.gov.cz\/index.php?rest_route=\/wp\/v2\/pages\/1249"}],"wp:attachment":[{"href":"https:\/\/sei.gov.cz\/index.php?rest_route=%2Fwp%2Fv2%2Fmedia&parent=1160"}],"curies":[{"name":"wp","href":"https:\/\/api.w.org\/{rel}","templated":true}]}}